1354?
2, 3191, 127747
What are the prime factors of 842591478?
2, 3, 140431913
What are the prime factors of 52613175?
3, 5, 701509
List the prime factors of 1562809667.
1562809667
What are the prime factors of 82794423?
3, 1049, 26309
What are the prime factors of 171588921?
3, 7, 8170901
List the prime factors of 2942704802.
2, 1471352401
List the prime factors of 2381901514.
2, 53, 22470769
List the prime factors of 589540931.
7, 84220133
What are the prime factors of 5071924557?
3, 7, 23, 41, 59, 1447
List the prime factors of 8511347660.
2, 5, 425567383
List the prime factors of 2167493078.
2, 37, 47, 73, 8537
What are the prime factors of 1309401860?
2, 5, 13, 387397
List the prime factors of 64657186.
2, 11, 23, 127781
What are the prime factors of 58566687?
3, 19522229
List the prime factors of 98085604.
2, 601, 40801
What are the prime factors of 1018457362?
2, 13, 4289, 9133
What are the prime factors of 878857496?
2, 11, 307, 32531
List the prime factors of 70038756.
2, 3, 113, 1913
List the prime factors of 1106751531.
3, 368917177
List the prime factors of 352293953.
11, 19, 1685617
List the prime factors of 64222432.
2, 19, 53, 1993
What are the prime factors of 1312945725?
3, 5, 7, 13, 192373
List the prime factors of 3056940537.
3, 7, 6053, 24049
List the prime factors of 987662880.
2, 3, 5, 103, 6659
List the prime factors of 49661254.
2, 331, 75017
List the prime factors of 199426208.
2, 607, 10267
List the prime factors of 748434146.
2, 17, 29, 71, 10691
What are the prime factors of 445930518?
2, 3, 11, 6756523
What are the prime factors of 50239514?
2, 13, 41, 47129
List the prime factors of 67746449.
97, 698417
What are the prime factors of 1344220211?
23, 101, 139, 181
List the prime factors of 275024123.
11, 25002193
List the prime factors of 798854756.
2, 7, 4481, 6367
List the prime factors of 456519849.
3, 152173283
What are the prime factors of 35608246?
2, 2351, 7573
What are the prime factors of 638419162?
2, 319209581
What are the prime factors of 109655310?
2, 3, 5, 811, 4507
List the prime factors of 131585861.
11, 2423, 4937
What are the prime factors of 126550050?
2, 3, 5, 11, 76697
List the prime factors of 752851954.
2, 376425977
What are the prime factors of 651508765?
5, 17, 19, 37, 10903
List the prime factors of 45745034.
2, 43, 531919
List the prime factors of 15376598.
2, 7688299
List the prime factors of 335487448.
2, 2339, 17929
What are the prime factors of 2160660509?
7, 17, 601, 30211
What are the prime factors of 1393531205?
5, 11, 4969, 5099
What are the prime factors of 2561248688?
2, 160078043
What are the prime factors of 1184728319?
59, 79, 254179
List the prime factors of 2043324325.
5, 7, 139, 167, 503
List the prime factors of 1933548184.
2, 12413, 19471
What are the prime factors of 1223342280?
2, 3, 5, 67, 757
What are the prime factors of 354406517?
23, 15408979
What are the prime factors of 134108109?
3, 79, 62873
What are the prime factors of 99724815?
3, 5, 359, 6173
What are the prime factors of 29608633?
71, 417023
List the prime factors of 72726728.
2, 311, 29231
List the prime factors of 26770052.
2, 6692513
What are the prime factors of 756671881?
7, 108095983
What are the prime factors of 1355480128?
2, 4357, 4861
List the prime factors of 184561956.
2, 3, 1181, 1447
List the prime factors of 584709425.
5, 23388377
List the prime factors of 77117296.
2, 4819831
List the prime factors of 16690777.
997, 16741
What are the prime factors of 388510623?
3, 967, 44641
What are the prime factors of 216996996?
2, 3, 23, 337, 2333
What are the prime factors of 131511818?
2, 65755909
List the prime factors of 96420122.
2, 167, 288683
List the prime factors of 174579147.
3, 19397683
List the prime factors of 859497120.
2, 3, 5, 23, 25951
What are the prime factors of 110676067?
3943, 28069
What are the prime factors of 51641097?
3, 199, 86501
List the prime factors of 128501325.
3, 5, 149, 3833
What are the prime factors of 164141924?
2, 1879, 21839
What are the prime factors of 73094606?
2, 13, 2811331
What are the prime factors of 20619111?
3, 6873037
What are the prime factors of 90877963?
11, 43, 229, 839
List the prime factors of 4247038.
2, 307, 6917
What are the prime factors of 115816199?
733, 158003
What are the prime factors of 194314910?
2, 5, 101, 192391
What are the prime factors of 560443857?
3, 186814619
What are the prime factors of 6853814?
2, 11, 311537
List the prime factors of 516257219.
516257219
What are the prime factors of 478666322?
2, 239333161
What are the prime factors of 29414747?
317, 92791
What are the prime factors of 847697634?
2, 3, 7, 283, 23773
List the prime factors of 18238728.
2, 3, 759947
What are the prime factors of 56791550?
2, 5, 1135831
What are the prime factors of 61641693?
3, 83, 179, 461
What are the prime factors of 442428128?
2, 17, 813287
What are the prime factors of 372761713?
23, 709, 22859
What are the prime factors of 1342967251?
103, 563, 23159
What are the prime factors of 27944156?
2, 233, 29983
List the prime factors of 159373515.
3, 5, 7, 1517843
What are the prime factors of 4605530029?
53, 59, 739, 1993
List the prime factors of 454037649.
3, 13, 17, 41, 16703
List the prime factors of 15633470.
2, 5, 443, 3529
List the prime factors of 103965434.
2, 59, 311, 2833
List the prime factors of 7910890286.
2, 13, 61, 4987951
List the prime factors of 28941703.
7, 590647
List the prime factors of 67355975.
5, 2694239
List the prime factors of 31544661.
3, 23, 47, 71, 137
List the prime factors of 523087862.
2, 11, 31, 43, 17837
What are the prime factors of 190565213?
47, 577, 7027
What are the prime factors of 167929662?
2, 3, 29, 965113
What are the prime factors of 152726857?
359, 425423
List the prime factors of 134615834.
2, 701, 96017
What are the prime factors of 482617765?
5, 7, 19, 31, 41, 571
What are the prime factors of 3124508018?
2, 47, 33239447
What are the prime factors of 299803753?
293, 1023221
What are the prime factors of 364652192?
2, 1021, 11161
What are the prime factors of 1138831018?
2, 13, 43801193
List the prime factors of 71790971.
7, 1097, 9349
List the prime factors of 851078157.
3, 17, 1777, 9391
List the prime factors of 22326324.
2, 3, 31, 60017
List the prime factors of 456847950.
2, 3, 5, 13, 234281
List the prime factors of 95926798.
2, 11, 41, 106349
What are the prime factors of 1274215348?
2, 7, 17, 2676923
What are the prime factors of 10196593?
11, 926963
List the prime factors of 148181248.
2, 17, 79, 431
What are the prime factors of 16588400?
2, 5, 113, 367
What are the prime factors of 2560543999?
13, 2699, 72977
What are the prime factors of 235518088?
2, 13, 59, 131, 293
What are the prime factors of 62852995?
5, 17, 59, 83, 151
What are the prime factors of 27196390?
2, 5, 13, 209203
List the prime factors of 42196447.
42196447
What are the prime factors of 5358702586?
2, 1381, 1940153
List the prime factors of 246950335.
5, 197, 239, 1049
What are the prime factors of 222909573?
3, 29, 53, 1667
What are the prime factors of 2678611683?
3, 11, 79, 379, 2711
List the prime factors of 11212650.
2, 3, 5, 24917
What are the prime factors of 46572627?
3, 523, 29683
What are the prime factors of 499501688?
2, 7, 41, 31079
What are the prime factors of 1029146461?
7, 29, 157, 659
List the prime factors of 6552750457.
11, 19, 31, 509, 1987
What are the prime factors of 21964008?
2, 3, 11, 271, 307
What are the prime factors of 57588649?
149, 386501
List the prime factors of 2127708252.
2, 3, 59103007
What are the prime factors of 3520402619?
17, 59, 3509873
What are the prime factors of 341091422?
2, 7, 24363673
List the prime factors of 630472764.
2, 3, 52539397
List the prime factors of 10463891.
17, 109, 5647
What are the prime factors of 1428445784?
2, 61, 2927143
What are the prime factors of 1180525610?
2, 5, 11, 139, 7019
What are the prime factors of 95566384?
2, 17, 351347
What are the prime factors of 69271485?
3, 5, 1399, 3301
What are the prime factors of 129538583?
7559, 17137
List the prime factors of 191065695.
3, 5, 1213, 10501
List the prime factors of 30213447.
3, 11, 29, 131, 241
List the prime factors of 30403687.
29, 179, 5857
List the prime factors of 31282909.
7, 